usands digit of 1475820?
4
What is the tens digit of 6577707?
0
What is the units digit of 391267?
7
What is the millions digit of 1122036?
1
What is the hundreds digit of 112744?
7
What is the ten thousands digit of 96346?
9
What is the ten thousands digit of 371532?
7
What is the thousands digit of 269331?
9
What is the thousands digit of 19049460?
9
What is the units digit of 32659914?
4
What is the hundreds digit of 107926?
9
What is the tens digit of 817863?
6
What is the hundreds digit of 785217?
2
What is the units digit of 18723?
3
What is the ten thousands digit of 1135837?
3
What is the thousands digit of 437197?
7
What is the thousands digit of 886107?
6
What is the tens digit of 163229?
2
What is the thousands digit of 16782557?
2
What is the tens digit of 255601?
0
What is the tens digit of 316015?
1
What is the hundreds digit of 3452868?
8
What is the hundreds digit of 1975535?
5
What is the ten thousands digit of 7077669?
7
What is the hundreds digit of 942178?
1
What is the hundreds digit of 1140771?
7
What is the hundred thousands digit of 106066?
1
What is the ten thousands digit of 54101?
5
What is the ten thousands digit of 9059644?
5
What is the ten thousands digit of 30418928?
1
What is the hundreds digit of 10455310?
3
What is the ten thousands digit of 166406?
6
What is the thousands digit of 6080881?
0
What is the tens digit of 4234217?
1
What is the hundreds digit of 1602745?
7
What is the hundred thousands digit of 185791?
1
What is the ten thousands digit of 1031669?
3
What is the hundreds digit of 9693413?
4
What is the ten thousands digit of 1204184?
0
What is the millions digit of 1062700?
1
What is the ten thousands digit of 464770?
6
What is the ten thousands digit of 598545?
9
What is the units digit of 3707790?
0
What is the tens digit of 207744?
4
What is the hundreds digit of 980372?
3
What is the ten thousands digit of 4553345?
5
What is the thousands digit of 482535?
2
What is the hundred thousands digit of 9921527?
9
What is the millions digit of 2426515?
2
What is the hundred thousands digit of 228746?
2
What is the hundreds digit of 655993?
9
What is the thousands digit of 19660321?
0
What is the thousands digit of 437729?
7
What is the thousands digit of 5326370?
6
What is the ten thousands digit of 7545211?
4
What is the hundreds digit of 1002652?
6
What is the tens digit of 554632?
3
What is the hundred thousands digit of 1273774?
2
What is the units digit of 4740435?
5
What is the thousands digit of 5404985?
4
What is the ten thousands digit of 1969553?
6
What is the ten millions digit of 41653491?
4
What is the millions digit of 1657546?
1
What is the ten thousands digit of 430142?
3
What is the hundred thousands digit of 2715653?
7
What is the thousands digit of 9404083?
4
What is the thousands digit of 1087821?
7
What is the hundreds digit of 236035?
0
What is the ten thousands digit of 10994791?
9
What is the thousands digit of 5922762?
2
What is the thousands digit of 3159706?
9
What is the thousands digit of 1297002?
7
What is the hundreds digit of 2325269?
2
What is the ten thousands digit of 2186310?
8
What is the hundreds digit of 296651?
6
What is the hundred thousands digit of 350974?
3
What is the thousands digit of 381408?
1
What is the thousands digit of 4421975?
1
What is the units digit of 2519029?
9
What is the thousands digit of 139083?
9
What is the thousands digit of 17999464?
9
What is the hundred thousands digit of 531354?
5
What is the units digit of 51853?
3
What is the millions digit of 2274111?
2
What is the thousands digit of 32104?
2
What is the units digit of 14176878?
8
What is the tens digit of 413676?
7
What is the thousands digit of 6677798?
7
What is the tens digit of 1403265?
6
What is the hundreds digit of 76076?
0
What is the tens digit of 6146959?
5
What is the units digit of 243614?
4
What is the ten thousands digit of 45455?
4
What is the tens digit of 13736502?
0
What is the tens digit of 350641?
4
What is the millions digit of 1086867?
1
What is the units digit of 1698051?
1
What is the ten thousands digit of 3768670?
6
What is the hundred thousands digit of 2335125?
3
What is the units digit of 636453?
3
What is the thousands digit of 1612593?
2
What is the ten thousands digit of 2241556?
4
What is the units digit of 2277811?
1
What is the tens digit of 11053470?
7
What is the hundred thousands digit of 526424?
5
What is the hundreds digit of 2654197?
1
What is the ten thousands digit of 106600?
0
What is the hundred thousands digit of 223480?
2
What is the thousands digit of 63390?
3
What is the hundred thousands digit of 464950?
4
What is the ten thousands digit of 118547?
1
What is the hundreds digit of 898892?
8
What is the ten thousands digit of 167808?
6
What is the hundreds digit of 1418518?
5
What is the tens digit of 3264594?
9
What is the hundreds digit of 507342?
3
What is the millions digit of 1266294?
1
What is the thousands digit of 140011?
0
What is the ten thousands digit of 123283?
2
What is the thousands digit of 212545?
2
What is the thousands digit of 43474?
3
What is the hundred thousands digit of 491508?
4
What is the millions digit of 29144725?
9
What is the hundreds digit of 715996?
9
What is the ten thousands digit of 471458?
7
What is the units digit of 257599?
9
What is the hundred thousands digit of 16119757?
1
What is the thousands digit of 63596?
3
What is the millions digit of 2005735?
2
What is the tens digit of 967009?
0
What is the thousands digit of 13105107?
5
What is the hundreds digit of 1050293?
2
What is the units digit of 648815?
5
What is the hundred thousands digit of 11705573?
7
What is the tens digit of 190138?
3
What is the tens digit of 403915?
1
What is the hundreds digit of 93653?
6
What is the thousands digit of 2894133?
4
What is the units digit of 10780451?
1
What is the thousands digit of 26046571?
6
What is the units digit of 24842605?
5
What is the ten thousands digit of 48883?
4
What is the millions digit of 1002234?
1
What is the tens digit of 15819765?
6
What is the units digit of 10796259?
9
What is the hundred thousands digit of 141858?
1
What is the tens digit of 491330?
3
What is the millions digit of 6393619?
6
What is the hundred thousands digit of 490387?
4
What is the units digit of 8435229?
9
What is the millions digit of 1548451?
1
What is the ten thousands digit of 832445?
3
What is the tens digit of 169325?
2
What is the ten thousands digit of 283739?
8
What is the tens digit of 33473?
7
What is the units digit of 211070?
0
What is the units digit of 1397562?
2
What is the thousands digit of 493694?
3
What is the hundred thousands digit of 732668?
7
What is the tens digit of 696037?
3
What is the units digit of 3628112?
2
What is the hundreds digit of 26968524?
5
What is the thousands digit of 4542674?
2
What is the tens digit of 2467943?
4
What is the thousands digit of 41328674?
8
What is the tens digit of 3662859?
5
What is the hundreds digit of 3024811?
8
What is the tens digit of 2442844?
4
What is the ten millions digit of 11650845?
1
What is the thousands digit of 35049048?
9
What is the ten millions digit of 28648058?
2
What is the tens digit of 19164805?
0
What is the tens digit of 515731?
3
What is the ten thousands digit of 2442221?
4
What is the ten thousands digit of 5234078?
3
What is the ten thousands digit of 383215?
8
What is the hundred thousands digit of 6690633?
6
What is the hundreds digit of 14922710?
7
What is the ten thousands digit of 77804?
7
What is the tens digit of 390675?
7
What is the hundred thousands digit of 9301448?
3
What is the units digit of 343301?
1
What is the units digit of 4346058?
8
What is the tens digit of 155884?
8
What is the millions digit of 1541105?
1
What is the units digit of 1381507?
7
What is the hundreds digit of 941091?
0
What is the tens digit of 11798905?
0
What is the units digit of 7029094?
4
What is the units digit of 19005473?
3
What is the hundreds digit of 86907?
9
What is the units digit of 215931?
1
What is the ten thousands digit of 300539?
0
What is the hundreds digit of 390693?
6
What is the millions digit of 4839657?
4
What is the units digit of 538938?
8
What is the millions digit of 2722716?
2
What is the tens 